ne g(-4).
5
Let l(g) = -2*g**3 - 27*g**2 + 16*g + 40. What is l(-14)?
12
Let t(s) = -7*s - 1. Calculate t(9).
-64
Let c(p) = -2*p**2 + 13*p + 11. What is c(7)?
4
Let n(u) = u**3 - 5*u**2 - 6*u - 7. Determine n(6).
-7
Let u(s) = 2*s**2 - 6*s + 7. Determine u(4).
15
Let s(k) = -k**2 - 18*k + 2. Give s(-17).
19
Let x(m) = m**2 + 9*m + 5. Calculate x(-7).
-9
Let u(c) = -c**2 - 12*c + 24. Determine u(-20).
-136
Let j(v) = v - 13. Give j(-3).
-16
Let p(v) = -4*v + 57. Calculate p(23).
-35
Let w(n) = -3*n - 34. What is w(12)?
-70
Let n(h) = -2*h**2 - 4*h. Determine n(-3).
-6
Let c(y) = y**3 - 9*y**2 - 8*y - 2. Determine c(10).
18
Let k(c) = -3*c**2 + 9*c. Give k(6).
-54
Let f(y) = -y**2 - 3*y + 31. Calculate f(-9).
-23
Let u(t) = -t**3 - 8*t**2 - 9*t - 3. Give u(-7).
11
Let c(y) = 3*y**2 + 99*y + 104. What is c(-32)?
8
Let c(i) = -i**3 - 5*i**2 + 15*i + 7. Give c(-7).
0
Let w(b) = -b**3 + 2*b**2 - b + 3. What is w(3)?
-9
Let x(w) = -7*w - 2. Determine x(1).
-9
Let r(k) = -2*k**2 + 46*k - 259. Determine r(9).
-7
Let d(a) = 15*a - 322. What is d(22)?
8
Let s(p) = -4*p + 1. Calculate s(-2).
9
Let s(u) = -u**2 + 9*u. What is s(8)?
8
Let z(q) = -q + 22. What is z(-26)?
48
Let y(z) = -z**3 + 2*z**2 + 3*z + 2. Determine y(3).
2
Let q(t) = 3*t - 7. What is q(8)?
17
Let i(a) = -a - 13. Give i(-4).
-9
Let a(u) = 36*u - 324. Determine a(9).
0
Let q(u) = -8*u - 34. What is q(-5)?
6
Let f(a) = -21*a + 81. Give f(4).
-3
Let q(f) = -f**2 + 2*f + 3. Determine q(-4).
-21
Let a(x) = -13*x**2 - 52*x - 5. Give a(-4).
-5
Let y(h) = -16*h - 11. Calculate y(-2).
21
Let n(h) = h**3 - 28*h**2 + 27*h - 4. What is n(27)?
-4
Let i(q) = q - 39. Give i(20).
-19
Let w(g) = 17*g - 82. Calculate w(6).
20
Let f(q) = 3*q**2 - 2. Calculate f(-2).
10
Let w(k) = k**3 + 4*k**2 - k - 4. Calculate w(-4).
0
Let t(r) = -r**2 + 6*r + 7. Determine t(8).
-9
Let d(m) = -2*m**2 - m + 1. Calculate d(1).
-2
Let i(z) = 4*z**2 - 3*z + 1. Calculate i(2).
11
Let l(q) = -2*q + 14. Give l(5).
4
Let k(o) = -o**3 + 16*o**2 - 27*o + 7. Give k(14).
21
Let b(d) = -26*d + 239. Give b(9).
5
Let f(v) = v**3 + 7*v**2 + 7*v - 1. What is f(-6)?
-7
Let u(w) = w**3 + 16*w**2 + 23*w - 21. Calculate u(-14).
49
Let p(v) = -2*v**2 - v + 2. What is p(2)?
-8
Let t(i) = i**2 - 9*i + 15. Give t(6).
-3
Let c(a) = a**3 - 10*a**2 + 6*a - 15. What is c(9)?
-42
Let a(h) = -9*h + 441. Determine a(49).
0
Let s(i) = i**3 - 9*i**2 + 8*i - 1. Give s(8).
-1
Let a(h) = 7*h**2 - 2. Determine a(1).
5
Let v(b) = -2*b**2 - 4*b - 2. Calculate v(-6).
-50
Let f(q) = 51*q**3 + 1. Give f(1).
52
Let d(n) = -n**3 - 14*n**2 - 14*n - 18. Calculate d(-13).
-5
Let r(p) = -2*p**2 - 47*p + 19. Calculate r(-24).
-5
Let p(n) = n**3 + 10*n**2 + 14*n - 17. What is p(-8)?
-1
Let o(x) = 10*x + 451. Determine o(-45).
1
Let q(c) = 4*c**3 - 2*c**2 + 2*c. What is q(1)?
4
Let a(p) = p**3 + 12*p**2 - 24*p + 27. Give a(-14).
-29
Let u(m) = 4*m - 2. Determine u(-2).
-10
Let y(h) = -h**2 - 26*h - 46. Determine y(-24).
2
Let w(c) = -9*c + 142. Calculate w(14).
16
Let i(j) = -j**2 - 16*j - 24. Give i(-14).
4
Let v(i) = i**2 - 13*i + 19. Determine v(10).
-11
Let w(f) = -10*f - 10. Give w(-4).
30
Let w(d) = -3*d**3 - 2*d**2 + 7*d - 4. Determine w(2).
-22
Let m(d) = d - 62. Calculate m(0).
-62
Let u(b) = -6*b - 134. Give u(-24).
10
Let o(i) = 3*i - 10. Give o(5).
5
Let i(a) = -8*a + 72. Calculate i(8).
8
Let l(t) = -2*t**2 + 52*t + 45. Calculate l(27).
-9
Let o(g) = g**3 - 4*g**2 + 4*g - 4. Determine o(4).
12
Let w(y) = y + 21. Calculate w(6).
27
Let p(q) = 3*q - 7. Determine p(6).
11
Let a(w) = -w**3 + 5*w**2 + 33*w - 6. Calculate a(-4).
6
Let t(l) = -10*l - 9. Determine t(-4).
31
Let s(a) = 5*a**3 + a**2 + a - 1. Determine s(1).
6
Let f(x) = -x**2 + x - 5. Determine f(-4).
-25
Let g(u) = u**3 - 7*u**2 + 11*u - 1. Determine g(5).
4
Let j(m) = 8*m**2 - 6*m + 3. Calculate j(2).
23
Let y(z) = z - 18. What is y(20)?
2
Let d(p) = 2*p + 7. Give d(10).
27
Let c(w) = -14*w**2 - 47*w + 46. Give c(1).
-15
Let w(z) = z**2 + 17*z + 15. What is w(-13)?
-37
Let n(h) = 8*h - 41. Calculate n(3).
-17
Let h(c) = c**2 - 26*c + 36. What is h(24)?
-12
Let w(q) = 6*q + 30. Determine w(-12).
-42
Let q(m) = -m**3 + 12*m**2 + 12*m + 15. What is q(13)?
2
Let q(t) = -102*t**3 + t**2 + t. Determine q(1).
-100
Let q(j) = -j**2 - 15*j + 17. Determine q(-10).
67
Let s(t) = -t**2 - t - 8. Give s(-6).
-38
Let m(i) = i**3 + 4*i**2 + 11*i + 35. Determine m(-4).
-9
Let m(f) = -39*f - 59. Give m(-1).
-20
Let t(p) = p + 7. Give t(0).
7
Let n(y) = -8*y + 2. Determine n(5).
-38
Let o(r) = 8*r - 5. What is o(-3)?
-29
Let g(u) = -u**3 + 7*u**2 - 2*u + 5. What is g(4)?
45
Let l(f) = -f**3 - 13*f**2 + 17*f - 7. What is l(-14)?
-49
Let c(i) = -7*i - 2. What is c(4)?
-30
Let g(z) = z**3 + 7*z**2 + 12*z - 4. What is g(-4)?
-4
Let u(h) = 2*h**2 + 3*h + 3. What is u(-3)?
12
Let k(i) = i**2 - 15*i - 85. Give k(20).
15
Let o(s) = -s**3 - 9*s**2 - 9*s - 14. Calculate o(-8).
-6
Let w(t) = t**3 - 9*t**2 + 4*t + 5. Determine w(8).
-27
Let r(y) = 16*y + 36. Give r(-2).
4
Let q(v) = v + 71. What is q(-33)?
38
Let x(s) = s**3 - 8*s**2 - s + 5. Determine x(8).
-3
Let y(p) = p**3 + 7*p**2 - 5*p + 5. Give y(-7).
40
Let m(b) = 16*b - 312. Calculate m(19).
-8
Let y(m) = m**3 - m**2 - 3*m - 7. Determine y(-2).
-13
Let x(z) = -16*z**2 + 44*z + 9. Calculate x(3).
-3
Let h(u) = -u**3 + 4*u**2 - 3*u - 2. Calculate h(4).
-14
Let k(i) = -35*i + 635. What is k(18)?
5
Let o(h) = -h**3 - 6*h**2 + 5*h + 6. What is o(-5)?
-44
Let o(h) = -h + 5. Determine o(8).
-3
Let x(g) = 11*g - 172. Determine x(16).
4
Let p(j) = j**3 - 17*j**2 + 34*j - 56. Determine p(15).
4
Let h(y) = y**3 + 7*y**2 + 4*y - 8. Determine h(-4).
24
Let p(u) = u**2 - 8*u + 8. Calculate p(6).
-4
Let m(t) = -2*t**2 - 27*t + 12. What is m(-14)?
-2
Let c(k) = -k - 6. What is c(-5)?
-1
Let y(q) = -q**3 + 29*q**2 - 54*q - 21. Give y(27).
-21
Let b(m) = -8*m**2 + 2*m + 1. Calculate b(2).
-27
Let l(y) = y**2 + 11*y + 12. Determine l(-8).
-12
Let q(y) = 6*y**2 + 2*y + 3. Give q(-1).
7
Let r(t) = -t**2 - 17*t + 310. What is r(11)?
2
Let m(g) = -g**3 + 8*g**2 + 8*g - 2. Calculate m(9).
-11
Let y(c) = c**3 - 4*c**2 - 13*c + 14. Determine y(6).
8
Let h(d) = -d - 31. Calculate h(-10).
-21
Let y(f) = f**3 + 12*f**2 + 10*f - 4. Determine y(-11).
7
Let h(i) = -i**2 + 9*i - 2. Give h(9).
-2
Let v(w) = -w**2 + 9*w + 3. Give v(4).
23
Let p(z) = 2*z**2 + 21*z + 13. What is p(-11)?
24
Let t(g) = -g**3 - 7*g**2 - 6*g - 5. Determine t(-6).
-5
Let f(l) = 4*l + 15. What is f(8)?
47
Let d(t) = 3*t**3 - 1. What is d(2)?
23
Let n(u) = -u**3 + 3*u**2 + u + 18. What is n(0)?
18
Let c(h) = -10*h + 5. Give c(5).
-45
Let y(b) = b**2 - 10*b + 25. What is y(8)?
9
Let b(m) = -12*m + 47. Determine b(4).
-1
Let r(q) = q**3 - 9*q**2 + 3*q + 10. Calculate r(9).
37
Let w(b) = 3*b**3 - 3*b**2 + 3*b - 1. Determine w(1).
2
Let s(i) = i**2 + 12*i + 27. Determine s(-6).
-9
Let t(m) = -m**3 + 8*m**2 + 10*m - 10. Calculate t(9).
-1
Let r(z) = -3*z**2 - 2*z - 3. Calculate r(-2).
-11
Let r(m) = -9*m**3 - m**2 - m + 1. Calculate r(1).
-10
Let w(a) = 22*a + 44. Calculate w(-2).
0
Let p(r) = 3*r**2 + 6*r - 20. Determine p(-10).
220
Let w(x) = -x**3 - x**2 + 8*x + 9. Calculate w(-4).
25
Let i(j) = -3*j + 46. Determine i(15).
1
Let r(f) = 29*f + 47. Give r(-2).
-11
Let l(h) = -32*h**2 + 4*h + 1. Give l(-2).
-135
Let d(l) = -l**3 - 35*l**2 + 73*l - 41. Determine d(-37).
-4
Let s(u) = -u**3 + 13*u**2 - 26*u - 12. Determine s(9).
78
Let v(q) = -q**3 - 25*q**2 + q + 20. Calculate v(-25).
-5
Let g(z) = z**3 - 10*z**2 - 12*z - 3. What is g(11)?
-14
Let b(g) = 6*g**2 - 3*g - 4. Determine b(3).
41
Let a(s) = 3*s**2 + 2. Calculate a(2).
14
Let f(p) = -p + 20. Determine f(14).
6
Let i(y) = -9*y**3 + y**2 - 8*y + 8. Give i(1).
-8
Let h(s) = -s**3 + 6*s**2 - 8. What is h(5)?
17
Let l(z) = z**3 + 12*z**2 + 29*z + 4. What is l(-8)?
28
Let i(z) = z**3 - 18*z**2 + 3*z - 26. What is i(18)?
28
Let y(g) = -5*g**2 + 2*g - 2. Determine y(2).
-18
Let m(n) = 3*n - 25. What is m(16)?
23
Let j(r) = -r**2 + 51*r + 2. Give j(51).
2
Let r(u) = u**2 + 4*u - 27. What is r(-7)?
-6
Let n(k) = -k. Calculate n(-5).
5
Let x(c) = c**2 + 8*c - 2. Calculate x(-9).
7
Let g(k) = 2*k**3 + 35*k**2 - 14*k + 28. Determine g(-18).
-44
Let v(w) = w**3 + 39*w**2 - 76*w + 251.